-4*f + 120 = -3*b + f. What are the prime factors of (b/15)/(2/(-6))?
2
Let b(i) = 4*i + 3. Let m(q) = q**3 - 13*q**2 - 13*q - 9. Let u be m(14). List the prime factors of b(u).
23
Let k(i) = -i - 9. Let l be k(-7). Let b be ((11 - l) + -2)*1. Let o = b + -3. List the prime factors of o.
2
Let a be ((-15)/(-9) - 0)*-3. Let z be (-2)/1 + 7 + a. Suppose 0 = -4*o, 0 = 5*c - 3*o - z*o - 65. What are the prime factors of c?
13
Let f(z) = 2*z**2 - 7*z - 8. List the prime factors of f(7).
41
Let r(c) = 2*c + 7. Let j be r(-6). Let s = -10 - j. What are the prime factors of ((-2)/(-5))/(s/(-225))?
2, 3
Suppose 0 = -3*u + 4*u + 7. Let i = 27 + u. List the prime factors of i.
2, 5
Let o(w) be the third derivative of -w**6/120 + w**5/15 + w**4/4 + w**3/3 - 2*w**2. List the prime factors of o(5).
7
Let h(n) = -5*n + 3. Let u(g) be the second derivative of g**3/6 + g**2/2 + 4*g. Let y(x) = -h(x) - 3*u(x). List the prime factors of y(9).
2, 3
Let p = 2 - 2. Let m = 3 + p. Suppose -m*x + 20 = l + 2*x, 0 = l - 2*x + 1. List the prime factors of l.
5
Let l = -140 + 167. List the prime factors of l.
3
Let y(r) = 3*r**2 - r - 23. List the prime factors of y(8).
7, 23
Let c(v) = 13*v. Let o(s) = 13*s + 1. Let z(n) = -4*c(n) + 3*o(n). Let k be z(-3). Suppose 5*i - 39 = -2*j + k, 3*i = 3*j + 36. What are the prime factors of i?
3, 5
Suppose -k = 19 + 34. Let m = -29 - k. Let n = m - 11. List the prime factors of n.
13
Let d(a) be the first derivative of -a**3/3 + 5*a**2/2 - 3*a - 2. Let j be d(4). What are the prime factors of (-1)/((-2)/16*j)?
2
Suppose 2*w + 15 = 5*w. Let f(i) = -i**3 - 3*i**2 - 6*i. Let t(y) = y**3 + 3*y**2 + 5*y. Let a(g) = w*f(g) + 6*t(g). What are the prime factors of a(-2)?
2
Suppose -2*c = -3*u + 16, -4*c - 3*u + 10 = -3*c. Let b be (-45)/(-20) + c/8. Suppose 2*t - 4*t - b*s + 30 = 0, -t - 3*s + 17 = 0. List the prime factors of t.
2, 7
Let o be (-3)/(-2) - (-52)/8. Let k(h) be the second derivative of h**5/20 - 7*h**4/12 - h**3 - 9*h**2/2 + h. What are the prime factors of k(o)?
7
Let i be 10/35 + 32/(-14). Suppose -20 = -2*v - 2*v. Let r = v + i. What are the prime factors of r?
3
Suppose 0 = -5*u - 3*k - 5, k = -4*u + u + 1. Suppose u*y - 31 = 7. What are the prime factors of y?
19
Suppose 2*h + 2*l + 22 = 3*h, 5*l = -5*h + 35. List the prime factors of h.
2, 3
Suppose f - 80 = -3*f. What are the prime factors of f?
2, 5
What are the prime factors of 43 - 0/(-2 - 0)?
43
Suppose -4*a + 5*b + 936 = 0, 1170 = -0*a + 5*a + b. What are the prime factors of a?
2, 3, 13
Suppose z - 624 = -3*z. What are the prime factors of z?
2, 3, 13
Suppose 0 = -8*v + 5*v + 129. What are the prime factors of v?
43
Suppose -59 = -j + 5*p, 0 = -j - 4*p + 42 - 1. List the prime factors of j.
7
Suppose -18 = l - 22. Suppose -2*k + 60 = l*n, 5*k + 4*n = n + 178. List the prime factors of k.
2, 19
What are the prime factors of ((-93)/(-12))/(1/4)?
31
Let l(k) = k**3 + 6*k**2 - 6. Let m be l(-5). What are the prime factors of (1 - m)*2/(-3)?
2, 3
Let g = -23 + 43. Let r = -9 + g. What are the prime factors of r?
11
Suppose i - 12 = -0*w + 4*w, 3*i + 3*w - 6 = 0. Let d = 0 + i. List the prime factors of d.
2
Let i(r) = r - 1. Let z be i(3). Suppose 3*d + 2*d = -25, z*t - 20 = -2*d. What are the prime factors of t?
3, 5
Suppose -2*x - 3 + 7 = 0. List the prime factors of x.
2
Suppose -3*k - 27 = -a - 164, 239 = -2*a - k. Let m = a - -34. List the prime factors of (-2)/7 + m/(-14).
2, 3
Let x(d) = d. Let w be x(2). What are the prime factors of (w + -4)/(1 + -2)?
2
Let i(h) = -h**3 + 7*h**2 + 6. Let r = 4 + -5. Let s(u) = u**2 - u. Let a(x) = r*i(x) + 2*s(x). What are the prime factors of a(6)?
2, 3
Let g be -4 + 2 - (-3)/1. Suppose 2*y + g = -2*x + 11, -5*x = 4*y - 24. Suppose 3*l = -0*v + 2*v + 42, 3*v + 57 = x*l. What are the prime factors of l?
2, 3
What are the prime factors of (-30)/((20/(-30))/(5/3))?
3, 5
Suppose -o - 16*o = -4709. List the prime factors of o.
277
Suppose 7*d - 3*d + 44 = 0. Let h be ((-4)/10)/((-1)/50). Let a = h + d. List the prime factors of a.
3
Let w be 0 + 2 - 50/(-2). Suppose 4*i + 3*o - o + 30 = 0, 0 = -5*i + o - w. Let p = i + 18. List the prime factors of p.
2, 3
What are the prime factors of (-36)/(-54)*1*18?
2, 3
Suppose 2*m = 2*g - 46, 48 = m - 3*m + g. Let a = 43 + m. What are the prime factors of a?
2, 3
Suppose -522 = 4*h - 10*h. What are the prime factors of h?
3, 29
Suppose -2*q + 5*q + f = 159, -9 = 3*f. What are the prime factors of q?
2, 3
Let a = -11 - -8. List the prime factors of ((-92)/(-6))/((-2)/a).
23
Suppose 4*v - 20 = -56. What are the prime factors of v/(-2)*(-4)/(-3)?
2, 3
Let j(s) = -83*s**3 + s**2 + 2*s + 2. List the prime factors of j(-1).
2, 3, 7
Let k = 3 + 0. Suppose g - 14 = k*p, 3*g - 52 = -4*p + 8*p. List the prime factors of g.
2, 5
Suppose 1 = k - 4. Suppose -11 = -v - k*h, 2*v + 2*v + h = 25. Let d = v - 1. List the prime factors of d.
5
Let p(x) = x + 13. Let j be p(-9). Suppose -j*l + 4*w = -132, 2*w = 2*l - w - 63. List the prime factors of l.
2, 3
Suppose -2*b - 2*k = -2 - 146, -376 = -5*b - 3*k. List the prime factors of b.
7, 11
Let v = 19 - 19. Suppose v = 5*h + 4*a - 196, a = 4 - 0. What are the prime factors of h?
2, 3
Let s(t) = -t**3 + 5*t**2 + 10*t - 7. List the prime factors of s(6).
17
Let i be (-72)/(-32) - (-6)/8. Suppose 0*q = -q - i*j + 12, 3*j + 30 = q. List the prime factors of q.
3, 7
What are the prime factors of (-200)/(-6)*12/10?
2, 5
Suppose -3*o + 2 = -4. Suppose 3*l - 11 = -o. List the prime factors of l.
3
Let r(n) = n**2 - 17*n + 1. What are the prime factors of r(-6)?
139
Let p(g) be the second derivative of g**4/4 - g**2/2 - 3*g. Suppose -2*k + 6*u = 2*u - 6, 5*u = 4*k - 9. List the prime factors of p(k).
2
Suppose -21 = -3*s - 0*s. List the prime factors of s.
7
Let n(f) = -f**3 - 4*f**2 + 3*f - 3. Let u be n(-5). Let t(a) = 2*a - 2. Let m be t(3). Let j = u - m. What are the prime factors of j?
3
What are the prime factors of 2 + -2 + 5 + -1?
2
Suppose -2*j - 56 = -3*s - s, -2*j = s - 19. What are the prime factors of s?
3, 5
Let q(z) = -3*z - 1. What are the prime factors of q(-7)?
2, 5
Suppose 5 + 9 = -a. List the prime factors of 150/4*a/(-21).
5
Let q(v) = -79*v - 6. What are the prime factors of q(-1)?
73
Suppose 3*d + 3*o = -2*d + 35, -3*o + 27 = 3*d. Suppose -d*n + 2*n = -28. Suppose 0 = g - 3*l - n, -2*l + 44 = 2*g - 0*l. List the prime factors of g.
2, 5
Let p(f) = 3*f**2 - 5*f + 3. Let a be p(4). Let q be (2/(-1) - a)/(-1). Suppose 3*x - 4*n - q = -0*n, 3*x = 3*n + 30. What are the prime factors of x?
7
Let o be -14*1/2*-1. What are the prime factors of (-4)/((14/(-4))/o)?
2
What are the prime factors of (6/(2 + 4))/((-1)/(-120))?
2, 3, 5
Let n = 35 + -12. Let s = n + 13. What are the prime factors of s?
2, 3
Suppose -v = -4*v + 24. List the prime factors of v.
2
Suppose -3*c - 5 = -2*o, 0*c = -2*c - 4*o - 30. Let t(q) = -9*q - 1. Let v be t(c). Suppose -3*b - b = -v. What are the prime factors of b?
11
Suppose 2*j - 4*c = -2*j + 652, 0 = 4*j + 5*c - 616. List the prime factors of j.
3, 53
Let l be (9/(-6))/(6/16). Let k be 0 - (-2 - -2) - l. Suppose -k*q + 38 = 2*g, 0*q + q + 1 = 3*g. What are the prime factors of q?
2
Suppose 4*j + j = 0. Suppose q = -q - 4*l + 36, j = 5*l - 15. What are the prime factors of q?
2, 3
Let g(q) = 2*q**2 + 5*q - 11. What are the prime factors of g(-5)?
2, 7
Suppose 51 = -3*x + 6*x. What are the prime factors of x?
17
Suppose 3*x - 22 = 272. Suppose 26 + 104 = 5*i + 5*y, 4*i - 2*y = x. What are the prime factors of i?
5
Suppose 8 + 0 = 4*m. Suppose -g + 9 = m. List the prime factors of g.
7
What are the prime factors of (-7 - 2)*3/(3/(-31))?
3, 31
Let f be 24*(2 + 6/(-4)). Suppose b = -3*d + 36, 3*d - f - 36 = -5*b. List the prime factors of d.
11
Let s be 1/((-9)/(-6) + -2). What are the prime factors of (s/5)/(2/(-30))?
2, 3
Suppose 3*c - 28 = 5. List the prime factors of c.
11
Suppose 0 = 29*t - 21*t - 408. List the prime factors of t.
3, 17
Let v(p) be the third derivative of -p**5/60 - 5*p**4/24 + p**3/3 - 5*p**2. Let t(b) = b**3 + b**2 - b - 5. Let h be t(0). List the prime factors of v(h).
2
Suppose -t - 5 = 3. List the prime factors of 201/4 - 6/t.
3, 17
Let w(x) = x**3 + 5*x**2 + 2*x - 2. Let a be w(-5). Let d be (